{"id":2,"date":"2024-07-31T14:40:47","date_gmt":"2024-07-31T14:40:47","guid":{"rendered":"http:\/\/hakowce.eu\/?page_id=2"},"modified":"2024-08-03T08:56:08","modified_gmt":"2024-08-03T08:56:08","slug":"sample-page","status":"publish","type":"page","link":"https:\/\/hakowce.eu\/index.php\/sample-page\/","title":{"rendered":"Historia firmy"},"content":{"rendered":"\n<p class=\"has-text-align-center\">TAM powsta\u0142a w 1986 roku pod wizjonerskim przyw\u00f3dztwem Pana Enrico Rozzi, kt\u00f3ry jest tak\u017ce za\u0142o\u017cycielem naszej sp\u00f3\u0142ki holdingowej Rozzi S.p.a. Dzi\u0119ki niezachwianemu zaanga\u017cowaniu i ogromnej wiedzy specjalistycznej przekszta\u0142ci\u0142 mark\u0119 TAM w szanowany symbol w\u0142oskiej doskona\u0142o\u015bci, uznawany i podziwiany na ca\u0142ym \u015bwiecie. Z biegiem czasu TAM rozr\u00f3s\u0142 si\u0119 i zatrudnia ponad 60 wsp\u00f3\u0142pracownik\u00f3w, a ca\u0142a grupa Rozzi daje zatrudnienie ponad 150 osobom. Dzi\u015b firma dzia\u0142a na powierzchni ponad 30 000 metr\u00f3w kwadratowych, w tym 12 000 metr\u00f3w kwadratowych powierzchni zadaszonej, dogodnie zlokalizowanej w pobli\u017cu zjazdu z autostrady A21-Pontevico. Ta strategiczna lokalizacja zapewnia \u0142atwy dost\u0119p do g\u0142\u00f3wnych w\u0119z\u0142\u00f3w logistycznych.<\/p>\n","protected":false},"excerpt":{"rendered":"<p>TAM powsta\u0142a w 1986 roku pod wizjonerskim przyw\u00f3dztwem Pana Enrico Rozzi, kt\u00f3ry jest tak\u017ce za\u0142o\u017cycielem naszej sp\u00f3\u0142ki holdingowej Rozzi S.p.a. Dzi\u0119ki niezachwianemu zaanga\u017cowaniu i ogromnej wiedzy specjalistycznej przekszta\u0142ci\u0142 mark\u0119 TAM w szanowany symbol w\u0142oskiej doskona\u0142o\u015bci, uznawany i podziwiany na ca\u0142ym \u015bwiecie. Z biegiem czasu TAM rozr\u00f3s\u0142 si\u0119 i zatrudnia ponad 60 wsp\u00f3\u0142pracownik\u00f3w, a ca\u0142a grupa [&hellip;]<\/p>\n","protected":false},"author":1,"featured_media":0,"parent":0,"menu_order":0,"comment_status":"closed","ping_status":"open","template":"","meta":{"footnotes":""},"class_list":["post-2","page","type-page","status-publish","hentry"],"_links":{"self":[{"href":"https:\/\/hakowce.eu\/index.php\/wp-json\/wp\/v2\/pages\/2","targetHints":{"allow":["GET"]}}],"collection":[{"href":"https:\/\/hakowce.eu\/index.php\/wp-json\/wp\/v2\/pages"}],"about":[{"href":"https:\/\/hakowce.eu\/index.php\/wp-json\/wp\/v2\/types\/page"}],"author":[{"embeddable":true,"href":"https:\/\/hakowce.eu\/index.php\/wp-json\/wp\/v2\/users\/1"}],"replies":[{"embeddable":true,"href":"https:\/\/hakowce.eu\/index.php\/wp-json\/wp\/v2\/comments?post=2"}],"version-history":[{"count":1,"href":"https:\/\/hakowce.eu\/index.php\/wp-json\/wp\/v2\/pages\/2\/revisions"}],"predecessor-version":[{"id":14,"href":"https:\/\/hakowce.eu\/index.php\/wp-json\/wp\/v2\/pages\/2\/revisions\/14"}],"wp:attachment":[{"href":"https:\/\/hakowce.eu\/index.php\/wp-json\/wp\/v2\/media?parent=2"}],"curies":[{"name":"wp","href":"https:\/\/api.w.org\/{rel}","templated":true}]}}